inder when 6070 is divided by 19.
9
Calculate the remainder when 93 is divided by 4.
1
Calculate the remainder when 3265 is divided by 76.
73
Calculate the remainder when 1431 is divided by 23.
5
Calculate the remainder when 847 is divided by 25.
22
Calculate the remainder when 1205 is divided by 1180.
25
What is the remainder when 3216 is divided by 45?
21
Calculate the remainder when 226 is divided by 103.
20
What is the remainder when 327 is divided by 31?
17
Calculate the remainder when 14421 is divided by 4803.
12
Calculate the remainder when 412 is divided by 16.
12
Calculate the remainder when 346 is divided by 37.
13
What is the remainder when 1257 is divided by 317?
306
What is the remainder when 908 is divided by 64?
12
Calculate the remainder when 361 is divided by 342.
19
Calculate the remainder when 1352 is divided by 40.
32
Calculate the remainder when 50 is divided by 14.
8
What is the remainder when 487 is divided by 55?
47
Calculate the remainder when 1972 is divided by 94.
92
What is the remainder when 104 is divided by 18?
14
Calculate the remainder when 82 is divided by 19.
6
Calculate the remainder when 299 is divided by 18.
11
Calculate the remainder when 1104 is divided by 65.
64
Calculate the remainder when 83 is divided by 11.
6
What is the remainder when 108 is divided by 59?
49
Calculate the remainder when 383 is divided by 97.
92
Calculate the remainder when 249 is divided by 33.
18
What is the remainder when 128 is divided by 4?
0
Calculate the remainder when 44 is divided by 25.
19
What is the remainder when 441 is divided by 109?
5
Calculate the remainder when 252 is divided by 22.
10
What is the remainder when 206 is divided by 6?
2
What is the remainder when 90 is divided by 19?
14
What is the remainder when 426 is divided by 88?
74
Calculate the remainder when 2249 is divided by 125.
124
Calculate the remainder when 180 is divided by 107.
73
Calculate the remainder when 879 is divided by 119.
46
Calculate the remainder when 92 is divided by 12.
8
What is the remainder when 20078 is divided by 58?
10
Calculate the remainder when 6089 is divided by 35.
34
Calculate the remainder when 205 is divided by 68.
1
What is the remainder when 3220 is divided by 1606?
8
Calculate the remainder when 2046 is divided by 429.
330
What is the remainder when 571 is divided by 25?
21
What is the remainder when 110 is divided by 41?
28
What is the remainder when 168 is divided by 87?
81
What is the remainder when 80 is divided by 35?
10
Calculate the remainder when 1570 is divided by 58.
4
Calculate the remainder when 54 is divided by 19.
16
What is the remainder when 310 is divided by 75?
10
Calculate the remainder when 354 is divided by 96.
66
What is the remainder when 537 is divided by 60?
57
What is the remainder when 63 is divided by 33?
30
What is the remainder when 17927 is divided by 2561?
0
What is the remainder when 814 is divided by 34?
32
Calculate the remainder when 552 is divided by 37.
34
Calculate the remainder when 1285 is divided by 11.
9
What is the remainder when 19 is divided by 17?
2
Calculate the remainder when 263 is divided by 72.
47
What is the remainder when 582 is divided by 65?
62
Calculate the remainder when 130 is divided by 22.
20
What is the remainder when 574 is divided by 65?
54
Calculate the remainder when 533 is divided by 273.
260
What is the remainder when 1375 is divided by 21?
10
What is the remainder when 202 is divided by 133?
69
What is the remainder when 668 is divided by 83?
4
Calculate the remainder when 169 is divided by 17.
16
Calculate the remainder when 185 is divided by 45.
5
Calculate the remainder when 1087 is divided by 34.
33
What is the remainder when 163 is divided by 61?
41
What is the remainder when 2265 is divided by 108?
105
Calculate the remainder when 313 is divided by 47.
31
What is the remainder when 562 is divided by 82?
70
Calculate the remainder when 348 is divided by 176.
172
Calculate the remainder when 220 is divided by 107.
6
Calculate the remainder when 854 is divided by 33.
29
What is the remainder when 3149 is divided by 9?
8
Calculate the remainder when 214 is divided by 79.
56
Calculate the remainder when 20 is divided by 9.
2
What is the remainder when 183 is divided by 38?
31
Calculate the remainder when 72 is divided by 29.
14
Calculate the remainder when 375 is divided by 35.
25
Calculate the remainder when 3146 is divided by 523.
8
What is the remainder when 457 is divided by 51?
49
What is the remainder when 318 is divided by 4?
2
What is the remainder when 104 is divided by 18?
14
What is the remainder when 662 is divided by 19?
16
Calculate the remainder when 758 is divided by 17.
10
Calculate the remainder when 2080 is divided by 130.
0
What is the remainder when 173 is divided by 90?
83
Calculate the remainder when 264 is divided by 15.
9
Calculate the remainder when 7 is divided by 2.
1
Calculate the remainder when 531 is divided by 102.
21
Calculate the remainder when 398 is divided by 97.
10
Calculate the remainder when 117 is divided by 11.
7
Calculate the remainder when 686 is divided by 67.
16
Calculate the remainder when 19 is divided by 10.
9
Calculate the remainder when 356 is divided by 42.
20
Calculate the remainder when 741 is divided by 160.
101
Calculate the remainder when 141 is divided by 6.
3
What is the remainder when 21 is divided by 5?
1
What is the remainder when 328 is divided by 40?
8
What is the remainder when 282 is divided by 59?
46
Calculate the remainder when 771 is divided by 86.
83
Calculate the remainder when 48 is divided by 25.
23
What is the remainder when 163 is divided by 4?
3
Calculate the remainder when 167 is divided by 86.
81
Calculate the remainder when 12664 is divided by 4218.
10
Calculate the remainder when 261 is divided by 24.
21
Calculate the remainder when 223 is divided by 45.
43
What is the remainder when 104 is divided by 55?
49
Calculate the remainder when 50 is divided by 13.
11
Calculate the remainder when 609 is divided by 89.
75
What is the remainder when 661 is divided by 135?
121
Calculate the remainder when 22 is divided by 4.
2
What is the remainder when 149 is divided by 38?
35
Calculate the remainder when 9016 is divided by 334.
332
Calculate the remainder when 109 is divided by 19.
14
Calculate the remainder when 21839 is divided by 52.
51
What is the remainder when 838 is divided by 213?
199
Calculate the remainder when 395 is divided by 11.
10
What is the remainder when 546 is divided by 110?
106
Calculate the remainder when 21 is divided by 5.
1
What is the remainder when 9160 is divided by 79?
75
Calculate the remainder when 6027 is divided by 37.
33
What is the remainder when 144 is divided by 39?
27
What is the remainder when 253 is divided by 38?
25
What is the remainder when 977 is divided by 163?
162
Calculate the remainder when 166 is divided by 87.
79
Calculate the remainder when 596 is divided by 75.
71
What is the remainder when 1079 is divided by 36?
35
Calculate the remainder when 377 is divided by 96.
89
What is the remainder when 252 is divided by 40?
12
What is the remainder when 3996 is divided by 43?
40
What is the remainder when 951 is divided by 31?
21
What is the remainder when 102 is divided by 27?
21
What is the remainder when 362 is divided by 40?
2
What is the remainder when 146 is divided by 46?
8
Calculate the remainder when 200 is divided by 17.
13
Calculate the remainder when 11420 is divided by 25.
20
Calculate the remainder when 878 is divided by 110.
108
What is the remainder when 4011 is divided by 66?
51
What is the remainder when 335 is divided by 14?
13
Calculate the remainder when 34 is divided by 18.
16
What is the remainder when 183 is divided by 62?
59
Calculate the remainder when 1641 is divided by 410.
1
Calculate the remainder when 226 is divided by 59.
49
Calculate the remainder when 2289 is divided by 35.
14
What is the remainder when 391 is divided by 44?
39
What is the remainder when 82 is divided by 12?
10
Calculate the remainder when 525 is divided by 157.
54
Calculate the remainder when 9989 is divided by 5.
4
What is the remainder when 1044 is divided by 63?
36
Calculate the remainder when 511 is divided by 21.
7
What is th